f 1542?
False
Is 16400 a multiple of 218?
False
Is 5 a factor of 2360?
True
Is 16 a factor of 27384?
False
Is 19 a factor of 84579?
False
Is 51 a factor of 612?
True
Does 16 divide 10304?
True
Does 7 divide 34971?
False
Is 57 a factor of 6344?
False
Is 30 a factor of 9603?
False
Is 6 a factor of 9?
False
Does 24 divide 291?
False
Is 7 a factor of 17423?
True
Does 24 divide 5520?
True
Is 1752 a multiple of 24?
True
Does 34 divide 1107?
False
Is 16 a factor of 14368?
True
Does 46 divide 12282?
True
Is 315 a multiple of 7?
True
Does 12 divide 37411?
False
Is 156 a multiple of 29?
False
Is 11760 a multiple of 80?
True
Is 442 a multiple of 17?
True
Is 7 a factor of 2542?
False
Is 41 a factor of 593?
False
Does 2 divide 7?
False
Is 27 a factor of 1944?
True
Is 2824 a multiple of 13?
False
Does 10 divide 2172?
False
Is 117657 a multiple of 17?
True
Does 3 divide 273?
True
Is 3648 a multiple of 64?
True
Is 3 a factor of 6114?
True
Does 94 divide 6204?
True
Is 60 a multiple of 11?
False
Does 5 divide 585?
True
Does 8 divide 555?
False
Is 91 a factor of 7189?
True
Does 18 divide 990?
True
Is 76 a factor of 228?
True
Is 14355 a multiple of 33?
True
Is 288 a multiple of 24?
True
Is 22 a factor of 2508?
True
Is 1120 a multiple of 34?
False
Does 48 divide 1056?
True
Does 24 divide 856?
False
Does 9 divide 5571?
True
Is 480 a multiple of 3?
True
Is 51040 a multiple of 9?
False
Does 12 divide 480?
True
Is 3771 a multiple of 12?
False
Is 131 a factor of 26728?
False
Does 103 divide 36053?
False
Is 2347 a multiple of 4?
False
Is 10071 a multiple of 373?
True
Is 88438 a multiple of 14?
True
Is 7356 a multiple of 9?
False
Does 11 divide 50556?
True
Is 11 a factor of 2808?
False
Is 12 a factor of 1236?
True
Does 57 divide 18985?
False
Is 13244 a multiple of 77?
True
Is 8 a factor of 1003?
False
Does 11 divide 38159?
True
Is 2065 a multiple of 61?
False
Is 29 a factor of 473?
False
Is 237 a multiple of 23?
False
Is 3297 a multiple of 78?
False
Does 10 divide 7331?
False
Does 9 divide 9?
True
Is 7 a factor of 3379?
False
Does 43 divide 2303?
False
Is 347 a multiple of 8?
False
Is 1092 a multiple of 39?
True
Is 254 a factor of 4161?
False
Does 5 divide 28303?
False
Is 8 a factor of 960?
True
Is 468 a multiple of 5?
False
Is 77 a factor of 14951?
False
Is 676 a multiple of 56?
False
Is 951 a multiple of 6?
False
Is 17 a factor of 2520?
False
Is 2797 a multiple of 12?
False
Is 17 a factor of 323?
True
Is 80 a multiple of 10?
True
Does 15 divide 3388?
False
Does 4 divide 2136?
True
Is 14 a factor of 826?
True
Does 14 divide 3049?
False
Is 7 a factor of 1107?
False
Is 1674 a multiple of 6?
True
Is 52 a factor of 1667?
False
Is 41410 a multiple of 17?
False
Is 83 a factor of 1519?
False
Is 1647 a multiple of 27?
True
Is 20 a factor of 571?
False
Is 33 a factor of 742?
False
Does 142 divide 13919?
False
Does 6 divide 12?
True
Is 62 a factor of 744?
True
Is 4032 a multiple of 12?
True
Is 4 a factor of 25?
False
Is 798 a multiple of 9?
False
Is 10 a factor of 1361?
False
Is 1005 a multiple of 84?
False
Is 123 a factor of 4974?
False
Does 19 divide 2603?
True
Is 1175 a multiple of 25?
True
Is 15 a factor of 326?
False
Does 8 divide 37864?
True
Does 24 divide 265?
False
Does 39 divide 234?
True
Does 6 divide 372?
True
Is 4847 a multiple of 8?
False
Is 13 a factor of 69?
False
Does 48 divide 24859?
False
Is 45 a factor of 56186?
False
Does 7 divide 777?
True
Is 32 a factor of 2676?
False
Is 8 a factor of 688?
True
Is 10 a factor of 44670?
True
Does 42 divide 27300?
True
Is 28694 a multiple of 12?
False
Is 119 even?
False
Is 13260 a multiple of 13?
True
Is 3 a factor of 2220?
True
Is 8 a factor of 42376?
True
Does 101 divide 37634?
False
Is 12 a factor of 2004?
True
Does 15 divide 1915?
False
Is 38 a factor of 17518?
True
Is 12 a factor of 3168?
True
Is 15 a factor of 1650?
True
Does 2 divide 139?
False
Is 14 a factor of 55?
False
Is 11 a factor of 29445?
False
Is 2261 a multiple of 119?
True
Is 9 a factor of 225?
True
Is 1394 a multiple of 41?
True
Does 16 divide 4672?
True
Is 29 a factor of 5609?
False
Is 18 a factor of 1602?
True
Does 20 divide 780?
True
Is 131 a factor of 14318?
False
Is 26162 a multiple of 56?
False
Does 5 divide 38?
False
Does 10 divide 644?
False
Is 1004 a multiple of 14?
False
Is 8019 a multiple of 33?
True
Is 14 a factor of 9341?
False
Is 63 a factor of 1197?
True
Is 40 a factor of 1080?
True
Is 594 a multiple of 9?
True
Is 7266 a multiple of 14?
True
Is 109 a factor of 3379?
True
Is 33 a factor of 1051?
False
Is 39 a multiple of 10?
False
Does 137 divide 4056?
False
Does 34 divide 952?
True
Is 27 a factor of 300?
False
Does 15 divide 90285?
True
Does 4 divide 4598?
False
Is 142 a multiple of 14?
False
Does 32 divide 1488?
False
Is 10 a factor of 2250?
True
Is 24 a factor of 456?
True
Does 55 divide 55?
True
Is 33 a factor of 36295?
False
Does 76 divide 884?
False
Is 11 a factor of 231?
True
Is 139 a multiple of 21?
False
Does 13 divide 3367?
True
Is 79 a factor of 2607?
True
Is 34343 a multiple of 4?
False
Is 28 a factor of 1460?
False
Is 97 a factor of 45656?
False
Does 26 divide 800?
False
Is 40772 a multiple of 12?
False
Is 168 a multiple of 21?
True
Is 58 a multiple of 17?
False
Is 640 a multiple of 8?
True
Is 22 a factor of 174592?
True
Is 161 a factor of 9821?
True
Does 43 divide 516?
True
Is 2057 a multiple of 4?
False
Is 75 a factor of 1805?
False
Is 3508 a multiple of 4?
True
Is 13 a factor of 4368?
True
Does 44 divide 3124?
True
Is 6499 a multiple of 34?
False
Is 47 a factor of 10083?
False
Is 11 a factor of 537?
False
Is 40 a factor of 240?
True
Does 4 divide 5309?
False
Is 31415 a multiple of 21?
False
Is 2 a factor of 68?
True
Does 19 divide 2740?
False
Is 14 a factor of 30978?
False
Is 41300 a multiple of 50?
True
Is 1056 a multiple of 70?
False
Does 108 divide 27216?
True
Is 705 a multiple of 16?
False
Is 140 a factor of 4695?
False
Does 4 divide 1216?
True
Is 15 a factor of 1382?
False
Does 75 divide 17775?
True
Is 690 a multiple of 23?
True
Is 33 a factor of 7788?
True
Is 6 even?
True
Does 106 divide 67522?
True
Does 140 divide 3477?
False
Is 89 a multiple of 49?
False
Is 7965 a multiple of 177?
True
Does 83 divide 370?
False
Is 490 a multiple of 60?
False
Is 12250 a multiple of 10?
True
Is 4 a factor of 93?
False
Does 4 divide 47?
False
Does 4 divide 16996?
True
Does 64 divide 384?
True
Does 35 divide 420?
True
Does 39 divide 948?
False
Is 485 a multiple of 48?
False
Is 33 a factor of 3135?
True
Is 2703 a multiple of 53?
True
Does 50 divide 1363?
False
Is 870 a multiple of 7?
False
Does 34 divide 175444?
False
Is 1088 a multiple of 15?
False
Does 11 divide 2074?
False
Does 77 divide 64526?
True
Is 98 a factor of 14501?
False
Is 2212 a multiple of 158?
True
Does 5 divide 35535?
True
Does 22 divide 770?
True
Is 31460 a multiple of 22?
True
Is 25662 a multiple of 47?
True
Does 30 divide 8906?
False
Does 31 divide 75496?
False
Is 15 a factor of 885?
True
Is 97 a factor of 30361?
True
Is 107 a multiple of 2?
False
Does 291 divide 36084?
True
Is 20 a factor of 18165?
False
Does 3 divide 463?
False
Is 2430 a multiple of 10?
True
Is 43 a factor of 688?
True
Is 4490 a multiple of 12?
False
Is 9 a factor of 177?
False
Is 3 a factor of 405?
True
Is 17 a factor of 80?
False
Does 9 divide 2862?
True
Does 13 divide 429?
True
Is 6505 a multiple of 11?
False
Is 46 a factor of 3450?
True
Is 66493 a multiple of 74?
False
Is 3234 a multiple of 11?
True
Is 2860 a multiple of 20?
True
Is 8 a factor of 8776?
True
Does 14 divide 56?
True
Is 61 a multiple of 16?
False
Does 25 divide 2050?
True
Does 21 divide 306?
False
Does 157 divide 9092?
False
Is 12 a factor of 3503?
False
Does 23 divide 312?
False
Is 23079 a multiple of 9?
False
Is 1070 a multiple of 3?
False
Does 166 divide 20871?
False
Is 7 a factor of 3206?
True
Is 39 a factor of 66972?
False
Is 5 a factor of 586?
False
Is 21489 a multiple of 108?
False
Does 7 divide 4739?
True
Is 14423 a multiple of 7?
False
Is 10 a factor of 30?
True
Is 953 a multiple of 3?
False
Does 12 divide 112135?
False
Is 1090 a multiple of 3?
False
Is 32 a factor of 4832?
True
Is 3 a factor of 26?
False
Is 2470 a multiple of 13?
True
Does 7 divide 25251?
False
Does 2 divide 909?
False
Is 5577 a multiple of 11?
True
Is 39